{"id":2385,"date":"2022-01-03T16:34:52","date_gmt":"2022-01-03T16:34:52","guid":{"rendered":"https:\/\/bukoveczandmunoz.mx\/?page_id=2385"},"modified":"2025-01-27T21:32:51","modified_gmt":"2025-01-27T21:32:51","slug":"home-spanish","status":"publish","type":"page","link":"https:\/\/bukoveczandmunoz.mx\/","title":{"rendered":"Home Spanish"},"content":{"rendered":"<!-- Added by Post\/Page specific custom CSS plugin, thank you for using! -->\n<style>#servicescroll > div:nth-child(4) > div > div > h5{\r\ncolor: #fff;\r\n}\r\n\r\n#text-4, #text-3{\r\n\t\tdisplay: none;\r\n\t}\r\n\r\n#wrapper > header > div.info > div > div > div.col-md-8 > div > div:nth-child(3), #wrapper > header > div.info > div > div > div.col-md-8 > div > div:nth-child(4), #wrapper > header > div.info > div > div > div.col-md-8 > div > div:nth-child(8){\r\ndisplay: none;\r\n}\r\n\r\n\r\n#wrapper > header > div.info > div > div > div.col-md-8 > div > div:nth-child(1) {\r\n    position: relative;\t  \r\n\ttop:10vh;\r\n}\r\n\r\n#wrapper > header > div.info > div > div > div.col-md-8 > div > div:nth-child(2) {\r\n    position: relative;\t  \r\n\tleft: -34%;\r\n    top: 13vh;\r\n}<\/style>\n<p>[vc_row el_id=&#8221;servicesnewlist&#8221; css=&#8221;.vc_custom_1641403424321{margin-bottom: 0px !important;}&#8221;][vc_column css=&#8221;.vc_custom_1670278770916{margin-top: -50px !important;margin-bottom: 0px !important;}&#8221;]\n\t\t<div class=\"center-y fadeScroll text-center relative text-light\" data-scroll-speed=\"1\">\n        <div class=\"container\">\n            <div class=\"row\">\n                <div class=\"col-md-8 col-md-offset-2\">\n                    <div class=\"spacer-double\"><\/div>\n                                        <h1 class=\"big wow fadeInUp\" data-wow-delay=\".5s\">Servicios<\/h1>\n                    <br>\n                                                            <div class=\"h2_title wow fadeInUp\" data-wow-delay=\".8s\">\n                        <div class=\"text-slider id-color\">\n                        \t                        <\/div>\n                    <\/div>\n                    <div class=\"wow fadeInUp font13\" data-wow-delay=\"1.1s\">\n                                            <\/div>\n\n                <\/div>\n            <\/div>\n        <\/div>\n    <\/div>\n    \n        \t\n[vc_empty_space][vc_empty_space][vc_row_inner el_id=&#8221;servicescroll&#8221;][vc_column_inner width=&#8221;1\/4&#8243; el_id=&#8221;otservice&#8221;]\n\t<figure class=\"pic-hover hover-scale\">\n        <span class=\"center-xy\">\n        \t        <\/span>\n        <a href=\"https:\/\/bukoveczandmunoz.mx\/?page_id=2453\"><span class=\"bg-overlay\"><\/span><\/a>        <img decoding=\"async\" src=\"https:\/\/bukoveczandmunoz.mx\/wp-content\/uploads\/2021\/06\/closing-day-scaled-e1669759025550.jpeg\" class=\"img-responsive\" alt=\"\">\n    <\/figure>\n\n    <h3 class=\"mt20\">P\u00d3LIZA JUR\u00cdDICA DE PREVENTA INMOBILIARIA<\/h3>\n    <p>\n        <br \/>\n\t<br>\n\t\t    <\/p>\n    \t\n[\/vc_column_inner][vc_column_inner width=&#8221;1\/4&#8243;]\n\t<figure class=\"pic-hover hover-scale\">\n        <span class=\"center-xy\">\n        \t        <\/span>\n        <a href=\"https:\/\/bukoveczandmunoz.mx\/?page_id=2450\"><span class=\"bg-overlay\"><\/span><\/a>        <img decoding=\"async\" src=\"https:\/\/bukoveczandmunoz.mx\/wp-content\/uploads\/2022\/01\/impuestopredial-e1642616995681.png\" class=\"img-responsive\" alt=\"\">\n    <\/figure>\n\n    <h3 class=\"mt20\">RECUPERACI\u00d3N GASTOS NOTARIALES<\/h3>\n    <p>\n        \t<br>\n\t\t    <\/p>\n    \t\n[\/vc_column_inner][vc_column_inner width=&#8221;1\/4&#8243;]\n\t<figure class=\"pic-hover hover-scale\">\n        <span class=\"center-xy\">\n        \t        <\/span>\n        <a href=\"https:\/\/bukoveczandmunoz.mx\/?page_id=2931\"><span class=\"bg-overlay\"><\/span><\/a>        <img decoding=\"async\" src=\"https:\/\/bukoveczandmunoz.mx\/wp-content\/uploads\/2022\/01\/realestatebuyers-e1642617299342.png\" class=\"img-responsive\" alt=\"\">\n    <\/figure>\n\n    <h3 class=\"mt20\">ASESOR\u00cdA JUR\u00cdDICA INMOBILIARIA.<\/h3>\n    <p>\n        \t<br>\n\t\t    <\/p>\n    \t\n[\/vc_column_inner][vc_column_inner width=&#8221;1\/4&#8243;]\n\t<figure class=\"pic-hover hover-scale\">\n        <span class=\"center-xy\">\n        \t        <\/span>\n        <a href=\"https:\/\/bukoveczandmunoz.mx\/?page_id=2928\"><span class=\"bg-overlay\"><\/span><\/a>        <img decoding=\"async\" src=\"https:\/\/bukoveczandmunoz.mx\/wp-content\/uploads\/2021\/06\/law_architecture_20-e1663101970248.jpg\" class=\"img-responsive\" alt=\"\">\n    <\/figure>\n\n    <h3 class=\"mt20\">REDUCCI\u00d3N PREDIAL CDMX<\/h3>\n    <p>\n        <\/p>\n<h5 style=\"text-align: center;\">Cancelaci\u00f3n de adeudos de 5 a\u00f1os de antig\u00fcedad.<\/h5>\n<p>\t<br>\n\t\t    <\/p>\n    \t\n[\/vc_column_inner][\/vc_row_inner][vc_row_inner el_id=&#8221;servicescroll2&#8243;][vc_column_inner width=&#8221;1\/4&#8243; el_id=&#8221;otservicebox&#8221;]\n\t<figure class=\"pic-hover hover-scale\">\n        <span class=\"center-xy\">\n        \t        <\/span>\n        <a href=\"https:\/\/bukoveczandmunoz.mx\/?page_id=2921\"><span class=\"bg-overlay\"><\/span><\/a>        <img decoding=\"async\" src=\"https:\/\/bukoveczandmunoz.mx\/wp-content\/uploads\/2021\/06\/cc4d18ec-d762-11eb-b43c-15b35bf2eb2a-e1663101866168.jpg\" class=\"img-responsive\" alt=\"\">\n    <\/figure>\n\n    <h3 class=\"mt20\">RECUPERACI\u00d3N PREDIAL CDMX<\/h3>\n    <p>\n        \t<br>\n\t\t    <\/p>\n    \t\n[\/vc_column_inner][vc_column_inner width=&#8221;1\/4&#8243;]\n\t<figure class=\"pic-hover hover-scale\">\n        <span class=\"center-xy\">\n        \t        <\/span>\n        <a href=\"https:\/\/bukoveczandmunoz.mx\/?page_id=2456\"><span class=\"bg-overlay\"><\/span><\/a>        <img decoding=\"async\" src=\"https:\/\/bukoveczandmunoz.mx\/wp-content\/uploads\/2022\/01\/derechoadmon-e1642617138317.jpg\" class=\"img-responsive\" alt=\"\">\n    <\/figure>\n\n    <h3 class=\"mt20\">DERECHO AMINISTRATIVO<\/h3>\n    <p>\n        \t<br>\n\t\t    <\/p>\n    \t\n[\/vc_column_inner][vc_column_inner width=&#8221;1\/4&#8243;]\n\t<figure class=\"pic-hover hover-scale\">\n        <span class=\"center-xy\">\n        \t        <\/span>\n        <a href=\"https:\/\/bukoveczandmunoz.mx\/?page_id=2446\"><span class=\"bg-overlay\"><\/span><\/a>        <img decoding=\"async\" src=\"https:\/\/bukoveczandmunoz.mx\/wp-content\/uploads\/2021\/06\/cc4da258-d762-11eb-b43c-15b35bf2eb2a-e1642616831347.jpg\" class=\"img-responsive\" alt=\"\">\n    <\/figure>\n\n    <h3 class=\"mt20\">ESTABLECIMIENTOS MERCANTILES<\/h3>\n    <p>\n        \t<br>\n\t\t    <\/p>\n    \t\n[\/vc_column_inner][vc_column_inner width=&#8221;1\/4&#8243;]\n\t<figure class=\"pic-hover hover-scale\">\n        <span class=\"center-xy\">\n        \t        <\/span>\n        <a href=\"https:\/\/bukoveczandmunoz.mx\/?page_id=2432\"><span class=\"bg-overlay\"><\/span><\/a>        <img decoding=\"async\" src=\"https:\/\/bukoveczandmunoz.mx\/wp-content\/uploads\/2022\/01\/desarrolladores-e1641420538937.jpg\" class=\"img-responsive\" alt=\"\">\n    <\/figure>\n\n    <h3 class=\"mt20\">DESARROLLADORES INMOBILIARIOS<\/h3>\n    <p>\n        \t<br>\n\t\t    <\/p>\n    \t\n[\/vc_column_inner][\/vc_row_inner][vc_row_inner][vc_column_inner width=&#8221;1\/4&#8243;]\n\t<figure class=\"pic-hover hover-scale\">\n        <span class=\"center-xy\">\n        \t        <\/span>\n        <a href=\"https:\/\/bukoveczandmunoz.mx\/?page_id=2779\"><span class=\"bg-overlay\"><\/span><\/a>        <img decoding=\"async\" src=\"https:\/\/bukoveczandmunoz.mx\/wp-content\/uploads\/2022\/01\/civilymercantil-e1642617076710.jpg\" class=\"img-responsive\" alt=\"\">\n    <\/figure>\n\n    <h3 class=\"mt20\">CIVIL Y MERCANTIL<\/h3>\n    <p>\n        \t<br>\n\t\t    <\/p>\n    \t\n[\/vc_column_inner][vc_column_inner width=&#8221;1\/4&#8243;]\n\t<figure class=\"pic-hover hover-scale\">\n        <span class=\"center-xy\">\n        \t        <\/span>\n        <a href=\"https:\/\/bukoveczandmunoz.mx\/?page_id=2459\"><span class=\"bg-overlay\"><\/span><\/a>        <img decoding=\"async\" src=\"https:\/\/bukoveczandmunoz.mx\/wp-content\/uploads\/2022\/01\/marcas-e1642617183591.png\" class=\"img-responsive\" alt=\"\">\n    <\/figure>\n\n    <h3 class=\"mt20\">MARCAS<\/h3>\n    <p>\n        \t<br>\n\t\t    <\/p>\n    \t\n[\/vc_column_inner][vc_column_inner width=&#8221;1\/4&#8243;]\n\t<figure class=\"pic-hover hover-scale\">\n        <span class=\"center-xy\">\n        \t        <\/span>\n        <a href=\"https:\/\/bukoveczandmunoz.mx\/?page_id=656\"><span class=\"bg-overlay\"><\/span><\/a>        <img decoding=\"async\" src=\"https:\/\/bukoveczandmunoz.mx\/wp-content\/uploads\/2021\/06\/law_architecture_10-e1663101719606.jpg\" class=\"img-responsive\" alt=\"\">\n    <\/figure>\n\n    <h3 class=\"mt20\">INTERNATIONAL REAL ESTATE BUYERS<\/h3>\n    <p>\n        \t<br>\n\t\t    <\/p>\n    \t\n[\/vc_column_inner][vc_column_inner width=&#8221;1\/4&#8243; offset=&#8221;vc_hidden-lg vc_hidden-md vc_hidden-sm vc_hidden-xs&#8221;]\n\t<figure class=\"pic-hover hover-scale\">\n        <span class=\"center-xy\">\n        \t        <\/span>\n        <a href=\"https:\/\/bukoveczandmunoz.mx\/?page_id=2462\"><span class=\"bg-overlay\"><\/span><\/a>        <img decoding=\"async\" src=\"https:\/\/bukoveczandmunoz.mx\/wp-content\/uploads\/2021\/06\/title-survey-scaled-e1669758966280.jpeg\" class=\"img-responsive\" alt=\"\">\n    <\/figure>\n\n    <h3 class=\"mt20\">RECUPERACI\u00d3N PREDIAL 2021 y 2022 CDMX<\/h3>\n    <p>\n        <br \/>\n\t<br>\n\t\t    <\/p>\n    \t\n[\/vc_column_inner][\/vc_row_inner][\/vc_column][\/vc_row]<\/p>\n","protected":false},"excerpt":{"rendered":"<p>[vc_row el_id=&#8221;servicesnewlist&#8221; css=&#8221;.vc_custom_1641403424321{margin-bottom: 0px !important;}&#8221;][vc_column css=&#8221;.vc_custom_1670278770916{margin-top: -50px !important;margin-bottom: 0px !important;}&#8221;][vc_empty_space][vc_empty_space][vc_row_inner el_id=&#8221;servicescroll&#8221;][vc_column_inner width=&#8221;1\/4&#8243; el_id=&#8221;otservice&#8221;][\/vc_column_inner][vc_column_inner width=&#8221;1\/4&#8243;][\/vc_column_inner][vc_column_inner width=&#8221;1\/4&#8243;][\/vc_column_inner][vc_column_inner width=&#8221;1\/4&#8243;][\/vc_column_inner][\/vc_row_inner][vc_row_inner el_id=&#8221;servicescroll2&#8243;][vc_column_inner width=&#8221;1\/4&#8243; el_id=&#8221;otservicebox&#8221;][\/vc_column_inner][vc_column_inner width=&#8221;1\/4&#8243;][\/vc_column_inner][vc_column_inner width=&#8221;1\/4&#8243;][\/vc_column_inner][vc_column_inner width=&#8221;1\/4&#8243;][\/vc_column_inner][\/vc_row_inner][vc_row_inner][vc_column_inner width=&#8221;1\/4&#8243;][\/vc_column_inner][vc_column_inner width=&#8221;1\/4&#8243;][\/vc_column_inner][vc_column_inner width=&#8221;1\/4&#8243;][\/vc_column_inner][vc_column_inner width=&#8221;1\/4&#8243; offset=&#8221;vc_hidden-lg vc_hidden-md vc_hidden-sm vc_hidden-xs&#8221;][\/vc_column_inner][\/vc_row_inner][\/vc_column][\/vc_row]<\/p>\n","protected":false},"author":1,"featured_media":0,"parent":0,"menu_order":0,"comment_status":"closed","ping_status":"closed","template":"page-templates\/template-canvas.php","meta":{"footnotes":""},"class_list":["post-2385","page","type-page","status-publish","hentry"],"_links":{"self":[{"href":"https:\/\/bukoveczandmunoz.mx\/index.php?rest_route=\/wp\/v2\/pages\/2385","targetHints":{"allow":["GET"]}}],"collection":[{"href":"https:\/\/bukoveczandmunoz.mx\/index.php?rest_route=\/wp\/v2\/pages"}],"about":[{"href":"https:\/\/bukoveczandmunoz.mx\/index.php?rest_route=\/wp\/v2\/types\/page"}],"author":[{"embeddable":true,"href":"https:\/\/bukoveczandmunoz.mx\/index.php?rest_route=\/wp\/v2\/users\/1"}],"replies":[{"embeddable":true,"href":"https:\/\/bukoveczandmunoz.mx\/index.php?rest_route=%2Fwp%2Fv2%2Fcomments&post=2385"}],"version-history":[{"count":74,"href":"https:\/\/bukoveczandmunoz.mx\/index.php?rest_route=\/wp\/v2\/pages\/2385\/revisions"}],"predecessor-version":[{"id":4596,"href":"https:\/\/bukoveczandmunoz.mx\/index.php?rest_route=\/wp\/v2\/pages\/2385\/revisions\/4596"}],"wp:attachment":[{"href":"https:\/\/bukoveczandmunoz.mx\/index.php?rest_route=%2Fwp%2Fv2%2Fmedia&parent=2385"}],"curies":[{"name":"wp","href":"https:\/\/api.w.org\/{rel}","templated":true}]}}