{"id":2413,"date":"2022-01-03T20:12:10","date_gmt":"2022-01-03T20:12:10","guid":{"rendered":"https:\/\/bukoveczandmunoz.mx\/?page_id=2413"},"modified":"2022-08-01T15:02:27","modified_gmt":"2022-08-01T15:02:27","slug":"quienes-somos","status":"publish","type":"page","link":"https:\/\/bukoveczandmunoz.mx\/?page_id=2413","title":{"rendered":"Quienes somos"},"content":{"rendered":"<!-- Added by Post\/Page specific custom CSS plugin, thank you for using! -->\n<style>#text-3, #text-4{\r\n\t\tdisplay: none;\r\n\t}\r\n\r\n#wrapper > header > div.info > div > div > div.col-md-8 > div > div:nth-child(3), #wrapper > header > div.info > div > div > div.col-md-8 > div > div:nth-child(4), #wrapper > header > div.info > div > div > div.col-md-8 > div > div:nth-child(8){\r\ndisplay: none;\r\n}\r\n\r\n#wrapper > header > div.info > div > div > div.col-md-8 > div > div:nth-child(1) {\r\n    position: relative;\t  \r\n\ttop:8vh;\r\n}\r\n\r\n#wrapper > header > div.info > div > div > div.col-md-8 > div > div:nth-child(2) {\r\n    position: relative;\t  \r\n\tleft: -34%;\r\n    top: 10.5vh;\r\n}\r\n\r\nheader h1#logo {\r\n    position: relative;\r\n    left: 45%;\r\n    top: -19vh;\r\n}\r\n\r\n#wrapper > header > div.info > div > div > div.col-md-8 > div > div:nth-child(11) {\r\n    top: 6vh !important;\r\n left: -28% !important;\r\n}\r\n\r\n#wrapper > header > div.info > div > div > div.col-md-8 > div > div:nth-child(9) {\r\n    position: relative;\t  \r\nleft: -64%;\r\n    top: 7.75vh !important;\r\n}\r\n\r\n@media only screen and (min-width: 900px) and (-webkit-device-pixel-ratio: 1.5) {\r\n#wrapper > header > div.info > div > div > div.col-md-8 > div > div:nth-child(9){\t\t\r\n\ttop: 11.5vh !important;\r\n    left: -58.5% !important;\r\n}\r\n\r\n#wrapper > header > div.info > div > div > div.col-md-8 > div > div:nth-child(11){\t\t\r\n\ttop: 8.5vh !important;\r\n    left: -23.5% !important;\r\n}\r\n}<\/style>\n<p>[vc_row el_id=&#8221;whoweare&#8221;][vc_column width=&#8221;2\/3&#8243; css=&#8221;.vc_custom_1625107580845{padding-right: 250px !important;}&#8221; el_id=&#8221;whoweareiconbox&#8221;]\n\t\t<div class=\"feature-box-small-icon \">\n        <span class=\"icon\">\n        \t<i class=\"icon_clock_alt id-color\"><\/i>\n        <\/span>\n        <div class=\"text\">\n            <h3>\u00bfQUIENES SOMOS?<\/h3>\n            <span data-sheets-value=\"{\"1\":2,\"2\":\"Nuestra firma se estableci\u00f3 en el a\u00f1o 2005 en la Ciudad de M\u00e9xico y desde entonces, nuestro compromiso ha sido brindar servicios juir\u00eddicos de calidad, ayudando as\u00ed a empresas a tener mayor seguridad jur\u00eddica en su negocio, con una excelente atenci\u00f3n al cliente.\"}\" data-sheets-userformat=\"{\"2\":10561,\"3\":{\"1\":0,\"3\":1},\"9\":1,\"11\":4,\"14\":{\"1\":3,\"3\":1},\"16\":12}\">Nuestra firma se estableci\u00f3 en el a\u00f1o 2005 en la Ciudad de M\u00e9xico y desde entonces, nuestro compromiso ha sido brindar servicios juir\u00eddicos de calidad, ayudando as\u00ed a empresas a tener mayor seguridad jur\u00eddica en su negocio, con una excelente atenci\u00f3n al cliente.<\/span>        <\/div>\n    <\/div>\n    \n[vc_empty_space][vc_empty_space]\n\t\t<div class=\"feature-box-small-icon \">\n        <span class=\"icon\">\n        \t<i class=\"icon_clock_alt id-color\"><\/i>\n        <\/span>\n        <div class=\"text\">\n            <h3>SOCIO PRINCIPAL<\/h3>\n            <\/p>\n<h4>Arturo Mu\u00f1oz Paz.<\/h4>\n<p><span data-sheets-value=\"{\"1\":2,\"2\":\"El licenciado Arturo Mu\u00f1oz Paz es egresado de la Universidad Panamericana y cuenta con m\u00e1s de veinte a\u00f1os de experiencia en temas inmobiliarios, corporativos y de defensa de empresas. \"}\" data-sheets-userformat=\"{\"2\":14337,\"3\":{\"1\":0,\"3\":1},\"14\":{\"1\":3,\"3\":1},\"15\":\"Bookman Old Style\",\"16\":12}\">El licenciado Arturo Mu\u00f1oz Paz es egresado de la Universidad Panamericana y cuenta con m\u00e1s de veinte a\u00f1os de experiencia en temas inmobiliarios, corporativos y de defensa de empresas. <\/span>        <\/div>\n    <\/div>\n    \n[vc_row_inner el_id=&#8221;image_am&#8221;][vc_column_inner width=&#8221;1\/6&#8243;][\/vc_column_inner][vc_column_inner width=&#8221;2\/3&#8243; el_id=&#8221;imagepop&#8221;]\t<figure class=\"pic-hover hover-scale\">\n        <span class=\"center-xy\">\n            <a class=\"image-popup\" href=\"https:\/\/bukoveczandmunoz.mx\/wp-content\/uploads\/2021\/06\/Foto-AMP-scaled-e1669759238134.jpg\">\n                <i class=\"fa fa-image btn-action btn-action-hide\"><\/i>\n            <\/a>\n        <\/span>\n        <span class=\"bg-overlay\"><\/span>\n        <img decoding=\"async\" src=\"https:\/\/bukoveczandmunoz.mx\/wp-content\/uploads\/2021\/06\/Foto-AMP-scaled-e1669759238134.jpg\" class=\"img-responsive\" alt=\"\">\n    <\/figure>\n\n[\/vc_column_inner][vc_column_inner width=&#8221;1\/6&#8243;][\/vc_column_inner][\/vc_row_inner][\/vc_column][vc_column width=&#8221;1\/3&#8243;]<div role=\"form\" class=\"wpcf7\" id=\"wpcf7-f2425-o1\" lang=\"en-US\" dir=\"ltr\">\n<div class=\"screen-reader-response\"><p role=\"status\" aria-live=\"polite\" aria-atomic=\"true\"><\/p> <ul><\/ul><\/div>\n<form action=\"\/index.php?rest_route=%2Fwp%2Fv2%2Fpages%2F2413#wpcf7-f2425-o1\" method=\"post\" class=\"wpcf7-form init\" novalidate=\"novalidate\" data-status=\"init\">\n<div style=\"display: none;\">\n<input type=\"hidden\" name=\"_wpcf7\" value=\"2425\" \/>\n<input type=\"hidden\" name=\"_wpcf7_version\" value=\"5.5.6.1\" \/>\n<input type=\"hidden\" name=\"_wpcf7_locale\" value=\"en_US\" \/>\n<input type=\"hidden\" name=\"_wpcf7_unit_tag\" value=\"wpcf7-f2425-o1\" \/>\n<input type=\"hidden\" name=\"_wpcf7_container_post\" value=\"0\" \/>\n<input type=\"hidden\" name=\"_wpcf7_posted_data_hash\" value=\"\" \/>\n<\/div>\n<div id='contact_form' class=\"padding30\" data-bgcolor=\"#f5f5f5\">\n<h3>AGENDA UNA CITA<span class=\"tiny-border\"><\/span><\/h3>\n<div class=\"row\">\n<div class=\"col-md-12\">\n<div id='name_error' class='error'>Introduce los datos correctamente.<\/div>\n<div>\n\t\t\t\t<span class=\"wpcf7-form-control-wrap your-name\"><input type=\"text\" name=\"your-name\" value=\"\" size=\"40\" class=\"wpcf7-form-control wpcf7-text wpcf7-validates-as-required form-control\" aria-required=\"true\" aria-invalid=\"false\" placeholder=\"Nombre\" \/><\/span>\n\t\t\t<\/div>\n<div>\n\t\t\t\t<span class=\"wpcf7-form-control-wrap your-phone\"><input type=\"tel\" name=\"your-phone\" value=\"\" size=\"40\" class=\"wpcf7-form-control wpcf7-text wpcf7-tel wpcf7-validates-as-tel form-control\" aria-invalid=\"false\" placeholder=\"Tel\u00e9fono\" \/><\/span>\n\t\t\t<\/div>\n<div>\n\t\t\t\t<span class=\"wpcf7-form-control-wrap your-email\"><input type=\"email\" name=\"your-email\" value=\"\" size=\"40\" class=\"wpcf7-form-control wpcf7-text wpcf7-email wpcf7-validates-as-required wpcf7-validates-as-email form-control\" aria-required=\"true\" aria-invalid=\"false\" placeholder=\"Email\" \/><\/span>\n\t\t\t<\/div>\n<\/div>\n<div class=\"col-md-12\">\n<div id='submit'>\n\t\t\t\t<input type=\"submit\" value=\"ENVIAR\" class=\"wpcf7-form-control has-spinner wpcf7-submit btn btn-line\" \/>\n\t\t\t<\/div>\n<\/div>\n<\/div>\n<\/div>\n<input type='hidden' class='wpcf7-pum' value='{\"closepopup\":false,\"closedelay\":0,\"openpopup\":false,\"openpopup_id\":0}' \/><div class=\"wpcf7-response-output\" aria-hidden=\"true\"><\/div><\/form><\/div>[\/vc_column][vc_column][\/vc_column][vc_column][\/vc_column][\/vc_row][vc_row][vc_column][\/vc_column][\/vc_row]<\/p>\n","protected":false},"excerpt":{"rendered":"<p>[vc_row el_id=&#8221;whoweare&#8221;][vc_column width=&#8221;2\/3&#8243; css=&#8221;.vc_custom_1625107580845{padding-right: 250px !important;}&#8221; el_id=&#8221;whoweareiconbox&#8221;][vc_empty_space][vc_empty_space][vc_row_inner el_id=&#8221;image_am&#8221;][vc_column_inner width=&#8221;1\/6&#8243;][\/vc_column_inner][vc_column_inner width=&#8221;2\/3&#8243; el_id=&#8221;imagepop&#8221;][\/vc_column_inner][vc_column_inner width=&#8221;1\/6&#8243;][\/vc_column_inner][\/vc_row_inner][\/vc_column][vc_column width=&#8221;1\/3&#8243;][\/vc_column][vc_column][\/vc_column][vc_column][\/vc_column][\/vc_row][vc_row][vc_column][\/vc_column][\/vc_row]<\/p>\n","protected":false},"author":1,"featured_media":0,"parent":0,"menu_order":0,"comment_status":"closed","ping_status":"closed","template":"page-templates\/template-fullwidth.php","meta":{"footnotes":""},"class_list":["post-2413","page","type-page","status-publish","hentry"],"_links":{"self":[{"href":"https:\/\/bukoveczandmunoz.mx\/index.php?rest_route=\/wp\/v2\/pages\/2413","targetHints":{"allow":["GET"]}}],"collection":[{"href":"https:\/\/bukoveczandmunoz.mx\/index.php?rest_route=\/wp\/v2\/pages"}],"about":[{"href":"https:\/\/bukoveczandmunoz.mx\/index.php?rest_route=\/wp\/v2\/types\/page"}],"author":[{"embeddable":true,"href":"https:\/\/bukoveczandmunoz.mx\/index.php?rest_route=\/wp\/v2\/users\/1"}],"replies":[{"embeddable":true,"href":"https:\/\/bukoveczandmunoz.mx\/index.php?rest_route=%2Fwp%2Fv2%2Fcomments&post=2413"}],"version-history":[{"count":9,"href":"https:\/\/bukoveczandmunoz.mx\/index.php?rest_route=\/wp\/v2\/pages\/2413\/revisions"}],"predecessor-version":[{"id":2581,"href":"https:\/\/bukoveczandmunoz.mx\/index.php?rest_route=\/wp\/v2\/pages\/2413\/revisions\/2581"}],"wp:attachment":[{"href":"https:\/\/bukoveczandmunoz.mx\/index.php?rest_route=%2Fwp%2Fv2%2Fmedia&parent=2413"}],"curies":[{"name":"wp","href":"https:\/\/api.w.org\/{rel}","templated":true}]}}