{"id":2450,"date":"2022-01-03T23:43:33","date_gmt":"2022-01-03T23:43:33","guid":{"rendered":"https:\/\/bukoveczandmunoz.mx\/?page_id=2450"},"modified":"2022-12-08T18:34:36","modified_gmt":"2022-12-08T18:34:36","slug":"recuperacion-isai-predial-cdmx","status":"publish","type":"page","link":"https:\/\/bukoveczandmunoz.mx\/?page_id=2450","title":{"rendered":"RECUPERACI\u00d3N GASTOS NOTARIALES"},"content":{"rendered":"<!-- Added by Post\/Page specific custom CSS plugin, thank you for using! -->\n<style>#text-3, #text-4{\r\n\t\tdisplay: none;\r\n\t}\r\n\r\n#wrapper > header > div.info > div > div > div.col-md-8 > div > div:nth-child(3), #wrapper > header > div.info > div > div > div.col-md-8 > div > div:nth-child(4), #wrapper > header > div.info > div > div > div.col-md-8 > div > div:nth-child(8){\r\ndisplay: none;\r\n}\r\n\r\n#wrapper > header > div.info > div > div > div.col-md-8 > div > div:nth-child(1) {\r\n    position: relative;\t  \r\n\ttop:8vh;\r\n}\r\n\r\n#wrapper > header > div.info > div > div > div.col-md-8 > div > div:nth-child(2) {\r\n    position: relative;\t  \r\n\tleft: -34%;\r\n    top: 10.5vh;\r\n}\r\n\r\n#wrapper > header > div.info > div > div > div.col-md-8 > div > div:nth-child(11) {\r\n  top: 7vh !important;\r\n    left: 0% !important;\r\n}\r\n\r\n#wrapper > header > div.info > div > div > div.col-md-8 > div > div:nth-child(9) {\r\n    position: relative;\t  \r\nleft: -64%;\r\n    top: 7.75vh !important;\r\n}\r\n\r\n@media only screen and (min-width: 900px) and (-webkit-device-pixel-ratio: 1.5) {\r\n#wrapper > header > div.info > div > div > div.col-md-8 > div > div:nth-child(9){\t\t\r\n\ttop: 11.5vh !important;\r\n    left: -58.5% !important;\r\n}\r\n\r\n#wrapper > header > div.info > div > div > div.col-md-8 > div > div:nth-child(11){\t\t\r\n  top: 11vh !important;\r\n    left: 0% !important;\r\n}\r\n}<\/style>\n<p>[vc_row css=&#8221;.vc_custom_1641322005944{margin-bottom: -80px !important;}&#8221;][vc_column width=&#8221;1\/4&#8243;][\/vc_column][vc_column width=&#8221;1\/2&#8243;][vc_column_text]<\/p>\n<h2 style=\"text-align: center;\" align=\"justify\"><span lang=\"es-ES\">RECUPERACI\u00d3N GASTOS NOTARIALES<\/span><\/h2>\n<p>[\/vc_column_text][\/vc_column][vc_column width=&#8221;1\/4&#8243;][\/vc_column][\/vc_row][vc_row el_id=&#8221;whoweare&#8221;][vc_column width=&#8221;1\/6&#8243; css=&#8221;.vc_custom_1670265067311{padding-right: 250px !important;}&#8221; el_id=&#8221;whoweareiconbox&#8221; offset=&#8221;vc_hidden-sm vc_hidden-xs&#8221;][vc_empty_space]\n    <a class=\"btn btn-fx btn-line-black \" href=\"https:\/\/bukoveczandmunoz.mx\/?page_id=2450\" target=\"_self\">RECUPERACI\u00d3N GASTOS NOTARIALES<\/a>  \t\n\n    <a class=\"btn btn-fx btn-line-black \" href=\"https:\/\/bukoveczandmunoz.mx\/?page_id=2432\" target=\"_self\">Desarrolladores inmobiliarios<\/a>  \t\n\n    <a class=\"btn btn-fx btn-line-black \" href=\"https:\/\/bukoveczandmunoz.mx\/?page_id=2446\" target=\"_self\">Establecimientos mercantiles<\/a>  \t\n\n    <a class=\"btn btn-fx btn-line-black \" href=\"https:\/\/bukoveczandmunoz.mx\/?page_id=2779\" target=\"_self\">Civil y mercantil<\/a>  \t\n\n    <a class=\"btn btn-fx btn-line-black \" href=\"https:\/\/bukoveczandmunoz.mx\/?page_id=2456\" target=\"_self\">Derecho administrativo<\/a>  \t\n\n    <a class=\"btn btn-fx btn-line-black \" href=\"https:\/\/bukoveczandmunoz.mx\/?page_id=2459\" target=\"_self\">Marcas<\/a>  \t\n\n    <a class=\"btn btn-fx btn-line-black \" href=\"https:\/\/bukoveczandmunoz.mx\/?page_id=2453\" target=\"_self\">P\u00d3LIZA JUR\u00cdDICA PREVENTA INMOBILIARIA<\/a>  \t\n\n    <a class=\"btn btn-fx btn-line-black \" href=\"https:\/\/bukoveczandmunoz.mx\/?page_id=656\" target=\"_self\">INTERNATIONAL REAL ESTATE BUYERS<\/a>  \t\n[\/vc_column][vc_column width=&#8221;1\/2&#8243; offset=&#8221;vc_hidden-sm vc_hidden-xs&#8221;][vc_empty_space]\n\t\t<div class=\"feature-box-small-icon \">\n        <span class=\"icon\">\n        \t<i class=\"icon_clock_alt id-color\"><\/i>\n        <\/span>\n        <div class=\"text\">\n            <h3>RECUPERACI\u00d3N GASTOS NOTARIALES<\/h3>\n            <\/p>\n<p align=\"justify\"><a name=\"_GoBack\"><\/a> <span style=\"font-family: Bookman Old Style, serif;\">En nuestra firma podemos ayudarte a recuperar el Impuesto Sobre Adquisici\u00f3n de Inmuebles de la Ciudad de M\u00e9xico que constituye la mayor\u00eda de los gastos notariales, ya que tenemos precedentes donde se confirma nuestro criterio de que elementos esenciales del impuesto van contra la garant\u00edas tributarias que todo impuesto debe respetar, con lo que tenemos un noventa por ciento de probabilidades de lograr la devoluci\u00f3n de entre el cincuenta y el cien por ciento de las cantidades pagadas por ese impuesto.<\/span><\/p>\n<p align=\"justify\"><span style=\"font-family: Bookman Old Style, serif;\"> No existe contingencia alguna ya que los pagos se realizan normalmente ante el notario y posteriormente procede la devoluci\u00f3n de las cantidades pagadas que determine la resoluci\u00f3n, m\u00e1s actualizaci\u00f3n.<\/span><\/p>\n<p align=\"justify\"><span style=\"font-family: Bookman Old Style, serif;\"> El plazo para la presentaci\u00f3n de la defensa es dentro de las tres semanas siguientes a la firma de la escritura, por lo que es importante se nos informe antes de ese momento.<\/span><\/p>\n<p>        <\/div>\n    <\/div>\n    \n[vc_empty_space][vc_empty_space]\n\t\t<div class=\"feature-box-small-icon \">\n        <span class=\"icon\">\n        \t<i class=\"icon_clock_alt id-color\"><\/i>\n        <\/span>\n        <div class=\"text\">\n            <h3><\/h3>\n            <span lang=\"es-ES\"> A continuaci\u00f3n un ejemplo de la recuperaci\u00f3n:<\/span>        <\/div>\n    <\/div>\n    \n[vc_empty_space][vc_empty_space][vc_single_image image=&#8221;2796&#8243; img_size=&#8221;500&#215;321&#8243; alignment=&#8221;right&#8221;][vc_empty_space][vc_empty_space][vc_video link=&#8221;https:\/\/youtu.be\/9RchWHGEi34&#8243; el_width=&#8221;90&#8243; align=&#8221;right&#8221;][vc_empty_space][vc_video link=&#8221;https:\/\/youtu.be\/GnmCJ5C-_Vk&#8221; el_width=&#8221;90&#8243; align=&#8221;right&#8221;][\/vc_column][vc_column width=&#8221;1\/3&#8243; offset=&#8221;vc_hidden-sm vc_hidden-xs&#8221;]<div role=\"form\" class=\"wpcf7\" id=\"wpcf7-f2971-o1\" lang=\"en-US\" dir=\"ltr\">\n<div class=\"screen-reader-response\"><p role=\"status\" aria-live=\"polite\" aria-atomic=\"true\"><\/p> <ul><\/ul><\/div>\n<form action=\"\/index.php?rest_route=%2Fwp%2Fv2%2Fpages%2F2450#wpcf7-f2971-o1\" method=\"post\" class=\"wpcf7-form init\" novalidate=\"novalidate\" data-status=\"init\">\n<div style=\"display: none;\">\n<input type=\"hidden\" name=\"_wpcf7\" value=\"2971\" \/>\n<input type=\"hidden\" name=\"_wpcf7_version\" value=\"5.5.6.1\" \/>\n<input type=\"hidden\" name=\"_wpcf7_locale\" value=\"en_US\" \/>\n<input type=\"hidden\" name=\"_wpcf7_unit_tag\" value=\"wpcf7-f2971-o1\" \/>\n<input type=\"hidden\" name=\"_wpcf7_container_post\" value=\"0\" \/>\n<input type=\"hidden\" name=\"_wpcf7_posted_data_hash\" value=\"\" \/>\n<\/div>\n<div id='contact_form' class=\"padding30\" data-bgcolor=\"#f5f5f5\">\n<h3>AGENDA UNA CITA<span class=\"tiny-border\"><\/span><\/h3>\n<div class=\"row\">\n<div class=\"col-md-12\">\n<div id='name_error' class='error'>Introduce los datos correctamente.<\/div>\n<div>\n\t\t\t\t<span class=\"wpcf7-form-control-wrap your-name\"><input type=\"text\" name=\"your-name\" value=\"\" size=\"40\" class=\"wpcf7-form-control wpcf7-text wpcf7-validates-as-required form-control\" aria-required=\"true\" aria-invalid=\"false\" placeholder=\"Nombre\" \/><\/span>\n\t\t\t<\/div>\n<div>\n\t\t\t\t<span class=\"wpcf7-form-control-wrap your-phone\"><input type=\"tel\" name=\"your-phone\" value=\"\" size=\"40\" class=\"wpcf7-form-control wpcf7-text wpcf7-tel wpcf7-validates-as-tel form-control\" aria-invalid=\"false\" placeholder=\"Tel\u00e9fono\" \/><\/span>\n\t\t\t<\/div>\n<div>\n\t\t\t\t<span class=\"wpcf7-form-control-wrap your-email\"><input type=\"email\" name=\"your-email\" value=\"\" size=\"40\" class=\"wpcf7-form-control wpcf7-text wpcf7-email wpcf7-validates-as-required wpcf7-validates-as-email form-control\" aria-required=\"true\" aria-invalid=\"false\" placeholder=\"Email\" \/><\/span>\n\t\t\t<\/div>\n<\/div>\n<div class=\"col-md-12\">\n<div id='submit'>\n\t\t\t\t<input type=\"submit\" value=\"ENVIAR\" class=\"wpcf7-form-control has-spinner wpcf7-submit btn btn-line\" \/>\n\t\t\t<\/div>\n<\/div>\n<\/div>\n<\/div>\n<input type='hidden' class='wpcf7-pum' value='{\"closepopup\":false,\"closedelay\":0,\"openpopup\":false,\"openpopup_id\":0}' \/><div class=\"wpcf7-response-output\" aria-hidden=\"true\"><\/div><\/form><\/div>\n    <a class=\"btn btn-fx btn-line-black pull-right\" href=\"https:\/\/bukoveczandmunoz.mx\/wp-content\/uploads\/2022\/07\/Brochure-gastos-notariales.pdf\" target=\"_blank\">Brochure gastos notariales<\/a>  \t\n[vc_empty_space height=&#8221;16px&#8221;][\/vc_column][\/vc_row][vc_row][vc_column width=&#8221;1\/6&#8243; css=&#8221;.vc_custom_1670265036173{padding-right: 250px !important;}&#8221; offset=&#8221;vc_hidden-lg vc_hidden-md&#8221;][\/vc_column][vc_column width=&#8221;1\/2&#8243; offset=&#8221;vc_hidden-lg vc_hidden-md&#8221;]\n    <a class=\"btn btn-fx btn-line-black pull-right\" href=\"https:\/\/bukoveczandmunoz.mx\/wp-content\/uploads\/2022\/07\/Brochure-gastos-notariales.pdf\" target=\"_blank\">Brochure gastos notariales<\/a>  \t\n[vc_empty_space][vc_empty_space]\n\t\t<div class=\"feature-box-small-icon \">\n        <span class=\"icon\">\n        \t<i class=\"icon_clock_alt id-color\"><\/i>\n        <\/span>\n        <div class=\"text\">\n            <h3>RECUPERACI\u00d3N GASTOS NOTARIALES<\/h3>\n            <\/p>\n<p align=\"justify\"><a name=\"_GoBack\"><\/a> <span style=\"font-family: Bookman Old Style, serif;\">En nuestra firma podemos ayudarte a recuperar el Impuesto Sobre Adquisici\u00f3n de Inmuebles de la Ciudad de M\u00e9xico que constituye la mayor\u00eda de los gastos notariales, ya que tenemos precedentes donde se confirma nuestro criterio de que elementos esenciales del impuesto van contra la garant\u00edas tributarias que todo impuesto debe respetar, con lo que tenemos un noventa por ciento de probabilidades de lograr la devoluci\u00f3n de entre el cincuenta y el cien por ciento de las cantidades pagadas por ese impuesto.<\/span><\/p>\n<p align=\"justify\"><span style=\"font-family: Bookman Old Style, serif;\"> No existe contingencia alguna ya que los pagos se realizan normalmente ante el notario y posteriormente procede la devoluci\u00f3n de las cantidades pagadas que determine la resoluci\u00f3n, m\u00e1s actualizaci\u00f3n.<\/span><\/p>\n<p align=\"justify\"><span style=\"font-family: Bookman Old Style, serif;\"> El plazo para la presentaci\u00f3n de la defensa es dentro de las tres semanas siguientes a la firma de la escritura, por lo que es importante se nos informe antes de ese momento.<\/span><\/p>\n<p>        <\/div>\n    <\/div>\n    \n[vc_empty_space][vc_empty_space]\n\t\t<div class=\"feature-box-small-icon \">\n        <span class=\"icon\">\n        \t<i class=\"icon_clock_alt id-color\"><\/i>\n        <\/span>\n        <div class=\"text\">\n            <h3><\/h3>\n            <span lang=\"es-ES\"> A continuaci\u00f3n un ejemplo de la recuperaci\u00f3n:<\/span>        <\/div>\n    <\/div>\n    \n[vc_empty_space][vc_empty_space][vc_single_image image=&#8221;2796&#8243; img_size=&#8221;500&#215;321&#8243; alignment=&#8221;right&#8221;][vc_empty_space][vc_video link=&#8221;https:\/\/youtu.be\/9RchWHGEi34&#8243; el_width=&#8221;90&#8243; align=&#8221;right&#8221;][vc_empty_space][vc_video link=&#8221;https:\/\/youtu.be\/GnmCJ5C-_Vk&#8221; el_width=&#8221;90&#8243; align=&#8221;right&#8221;][vc_empty_space][\/vc_column][vc_column width=&#8221;1\/3&#8243; offset=&#8221;vc_hidden-lg vc_hidden-md&#8221;][vc_empty_space height=&#8221;16px&#8221;]<div role=\"form\" class=\"wpcf7\" id=\"wpcf7-f2971-o2\" lang=\"en-US\" dir=\"ltr\">\n<div class=\"screen-reader-response\"><p role=\"status\" aria-live=\"polite\" aria-atomic=\"true\"><\/p> <ul><\/ul><\/div>\n<form action=\"\/index.php?rest_route=%2Fwp%2Fv2%2Fpages%2F2450#wpcf7-f2971-o2\" method=\"post\" class=\"wpcf7-form init\" novalidate=\"novalidate\" data-status=\"init\">\n<div style=\"display: none;\">\n<input type=\"hidden\" name=\"_wpcf7\" value=\"2971\" \/>\n<input type=\"hidden\" name=\"_wpcf7_version\" value=\"5.5.6.1\" \/>\n<input type=\"hidden\" name=\"_wpcf7_locale\" value=\"en_US\" \/>\n<input type=\"hidden\" name=\"_wpcf7_unit_tag\" value=\"wpcf7-f2971-o2\" \/>\n<input type=\"hidden\" name=\"_wpcf7_container_post\" value=\"0\" \/>\n<input type=\"hidden\" name=\"_wpcf7_posted_data_hash\" value=\"\" \/>\n<\/div>\n<div id='contact_form' class=\"padding30\" data-bgcolor=\"#f5f5f5\">\n<h3>AGENDA UNA CITA<span class=\"tiny-border\"><\/span><\/h3>\n<div class=\"row\">\n<div class=\"col-md-12\">\n<div id='name_error' class='error'>Introduce los datos correctamente.<\/div>\n<div>\n\t\t\t\t<span class=\"wpcf7-form-control-wrap your-name\"><input type=\"text\" name=\"your-name\" value=\"\" size=\"40\" class=\"wpcf7-form-control wpcf7-text wpcf7-validates-as-required form-control\" aria-required=\"true\" aria-invalid=\"false\" placeholder=\"Nombre\" \/><\/span>\n\t\t\t<\/div>\n<div>\n\t\t\t\t<span class=\"wpcf7-form-control-wrap your-phone\"><input type=\"tel\" name=\"your-phone\" value=\"\" size=\"40\" class=\"wpcf7-form-control wpcf7-text wpcf7-tel wpcf7-validates-as-tel form-control\" aria-invalid=\"false\" placeholder=\"Tel\u00e9fono\" \/><\/span>\n\t\t\t<\/div>\n<div>\n\t\t\t\t<span class=\"wpcf7-form-control-wrap your-email\"><input type=\"email\" name=\"your-email\" value=\"\" size=\"40\" class=\"wpcf7-form-control wpcf7-text wpcf7-email wpcf7-validates-as-required wpcf7-validates-as-email form-control\" aria-required=\"true\" aria-invalid=\"false\" placeholder=\"Email\" \/><\/span>\n\t\t\t<\/div>\n<\/div>\n<div class=\"col-md-12\">\n<div id='submit'>\n\t\t\t\t<input type=\"submit\" value=\"ENVIAR\" class=\"wpcf7-form-control has-spinner wpcf7-submit btn btn-line\" \/>\n\t\t\t<\/div>\n<\/div>\n<\/div>\n<\/div>\n<input type='hidden' class='wpcf7-pum' value='{\"closepopup\":false,\"closedelay\":0,\"openpopup\":false,\"openpopup_id\":0}' \/><div class=\"wpcf7-response-output\" aria-hidden=\"true\"><\/div><\/form><\/div>[vc_empty_space height=&#8221;16px&#8221;][\/vc_column][\/vc_row][vc_row][vc_column][\/vc_column][\/vc_row]<\/p>\n","protected":false},"excerpt":{"rendered":"<p>[vc_row css=&#8221;.vc_custom_1641322005944{margin-bottom: -80px !important;}&#8221;][vc_column width=&#8221;1\/4&#8243;][\/vc_column][vc_column width=&#8221;1\/2&#8243;][vc_column_text] RECUPERACI\u00d3N GASTOS NOTARIALES [\/vc_column_text][\/vc_column][vc_column width=&#8221;1\/4&#8243;][\/vc_column][\/vc_row][vc_row el_id=&#8221;whoweare&#8221;][vc_column width=&#8221;1\/6&#8243; css=&#8221;.vc_custom_1670265067311{padding-right: 250px !important;}&#8221; el_id=&#8221;whoweareiconbox&#8221; offset=&#8221;vc_hidden-sm vc_hidden-xs&#8221;][vc_empty_space][\/vc_column][vc_column width=&#8221;1\/2&#8243; offset=&#8221;vc_hidden-sm vc_hidden-xs&#8221;][vc_empty_space][vc_empty_space][vc_empty_space][vc_empty_space][vc_empty_space][vc_single_image image=&#8221;2796&#8243; img_size=&#8221;500&#215;321&#8243; alignment=&#8221;right&#8221;][vc_empty_space][vc_empty_space][vc_video link=&#8221;https:\/\/youtu.be\/9RchWHGEi34&#8243; el_width=&#8221;90&#8243; align=&#8221;right&#8221;][vc_empty_space][vc_video link=&#8221;https:\/\/youtu.be\/GnmCJ5C-_Vk&#8221; el_width=&#8221;90&#8243; align=&#8221;right&#8221;][\/vc_column][vc_column width=&#8221;1\/3&#8243; offset=&#8221;vc_hidden-sm vc_hidden-xs&#8221;][vc_empty_space height=&#8221;16px&#8221;][\/vc_column][\/vc_row][vc_row][vc_column width=&#8221;1\/6&#8243; css=&#8221;.vc_custom_1670265036173{padding-right: 250px !important;}&#8221; offset=&#8221;vc_hidden-lg vc_hidden-md&#8221;][\/vc_column][vc_column width=&#8221;1\/2&#8243; offset=&#8221;vc_hidden-lg vc_hidden-md&#8221;][vc_empty_space][vc_empty_space][vc_empty_space][vc_empty_space][vc_empty_space][vc_empty_space][vc_single_image image=&#8221;2796&#8243; img_size=&#8221;500&#215;321&#8243; alignment=&#8221;right&#8221;][vc_empty_space][vc_video link=&#8221;https:\/\/youtu.be\/9RchWHGEi34&#8243; el_width=&#8221;90&#8243; align=&#8221;right&#8221;][vc_empty_space][vc_video link=&#8221;https:\/\/youtu.be\/GnmCJ5C-_Vk&#8221; el_width=&#8221;90&#8243; align=&#8221;right&#8221;][vc_empty_space][\/vc_column][vc_column width=&#8221;1\/3&#8243; offset=&#8221;vc_hidden-lg [&hellip;]<\/p>\n","protected":false},"author":1,"featured_media":0,"parent":0,"menu_order":0,"comment_status":"closed","ping_status":"closed","template":"page-templates\/template-fullwidth.php","meta":{"footnotes":""},"class_list":["post-2450","page","type-page","status-publish","hentry"],"_links":{"self":[{"href":"https:\/\/bukoveczandmunoz.mx\/index.php?rest_route=\/wp\/v2\/pages\/2450","targetHints":{"allow":["GET"]}}],"collection":[{"href":"https:\/\/bukoveczandmunoz.mx\/index.php?rest_route=\/wp\/v2\/pages"}],"about":[{"href":"https:\/\/bukoveczandmunoz.mx\/index.php?rest_route=\/wp\/v2\/types\/page"}],"author":[{"embeddable":true,"href":"https:\/\/bukoveczandmunoz.mx\/index.php?rest_route=\/wp\/v2\/users\/1"}],"replies":[{"embeddable":true,"href":"https:\/\/bukoveczandmunoz.mx\/index.php?rest_route=%2Fwp%2Fv2%2Fcomments&post=2450"}],"version-history":[{"count":48,"href":"https:\/\/bukoveczandmunoz.mx\/index.php?rest_route=\/wp\/v2\/pages\/2450\/revisions"}],"predecessor-version":[{"id":3395,"href":"https:\/\/bukoveczandmunoz.mx\/index.php?rest_route=\/wp\/v2\/pages\/2450\/revisions\/3395"}],"wp:attachment":[{"href":"https:\/\/bukoveczandmunoz.mx\/index.php?rest_route=%2Fwp%2Fv2%2Fmedia&parent=2450"}],"curies":[{"name":"wp","href":"https:\/\/api.w.org\/{rel}","templated":true}]}}